is the units digit of r?
5
Let w(u) = u**2 - u. Suppose 0 = 3*i - 4 - 5. Let q be 3/((18/(-4))/i). What is the units digit of w(q)?
6
Suppose w = -2*h + 278, -20*w + h - 282 = -21*w. What is the hundreds digit of w?
2
Suppose -13*w = -16*w - 15. Let d = w + 12. Suppose 2*v = d*v - 60. What is the tens digit of v?
1
Let h = -1 + 6. Let t(y) = y**3 + y**2. Let j be t(1). Suppose a = 5*f - 3*a - 1, -3*f = -h*a + j. What is the units digit of f?
1
Let n(c) = 12*c + 106. What is the hundreds digit of n(17)?
3
What is the hundreds digit of ((-22)/4)/(17/(-7242))?
3
Let x = -281 - -544. What is the tens digit of x?
6
Let p be 537*(-3 + 10/3). Suppose -5*t = 4*v - p, 2*v - t - 50 = 57. What is the tens digit of v?
5
Suppose -3*u - 18 = -8*f + 5*f, u = -4. Suppose -9*p = -f*p - 1624. What is the hundreds digit of p?
2
Let m(j) = 7*j + 3. Let i be m(-1). What is the tens digit of (229/7 - 3) + i/(-14)?
3
Suppose 5*p - 5*h - 15 = 0, 5*p + 5*h = 2*p + 9. Suppose -p*w + m = -26, 1 + 4 = 5*m. What is the units digit of w?
9
Let t(r) = -807*r**3 + r**2 - 6*r - 6. What is the tens digit of t(-1)?
0
Let u = 665 + 197. What is the tens digit of u?
6
Let p(x) = x**2 + 29*x + 0*x**2 - 2*x**2 - 23. What is the tens digit of p(12)?
8
Let o be ((-2)/(-7))/(68/(-14) - -5). Suppose -4*k + 112 = 2*d + o*d, 3*d + 36 = 2*k. What is the tens digit of k?
2
What is the units digit of (1 - -425) + (-1 - -6)?
1
Let i = 45 + -40. What is the tens digit of 4 - (i - -2) - (-79 + 0)?
7
Let y be 3 - -4*5/2. Suppose -2*d + 11 = -y. Suppose d*p - 15*p = -90. What is the tens digit of p?
3
Let j be (3/1)/(9/78). Let r = -481 + 486. Suppose 5*g - 4*m = -j + 182, 2*g = -r*m + 36. What is the tens digit of g?
2
Let c(a) = -2464*a**3 + 6*a**2 + 8*a + 2. What is the units digit of c(-1)?
4
Let z = 4925 + 649. What is the hundreds digit of z?
5
Let w be (8 - 300)/((-2)/2). Suppose 5*j - 20 = 0, -j + 3*j = -4*c + w. What is the units digit of c?
1
Let l(z) = 5*z**2 + 3*z + 2. Let p be l(-1). Suppose 4*u = 5*q - 1121, 2*q + p*u - u = 453. What is the hundreds digit of q?
2
Let v be (1 + 0)/(-5) - 19866/(-105). Let y = 18 + v. What is the hundreds digit of y?
2
Suppose 0*x = -5*x + 250. Let r be 2/(-8) + (-872)/(-32). Let s = x - r. What is the tens digit of s?
2
Let x = 316 + 619. What is the units digit of x?
5
Let t = -14 + 12. Let n be (t + -1)*(-50)/1. Suppose 3*w - 8*w + n = 0. What is the units digit of w?
0
Let h(f) = 2*f**2 + 23*f + 22. What is the units digit of h(-15)?
7
Let t(l) = -134*l**3 + 16*l**2 + 44*l + 4. What is the thousands digit of t(-3)?
3
Suppose -3*q + 25 = 7. Suppose -g - 3 + q = 0. Suppose g*k - k = 32. What is the tens digit of k?
1
Suppose -9 = -2*v - v. Suppose 2*n = -v*n + 10. Suppose n*o + 195 = 7*o. What is the tens digit of o?
3
Let j be 0 + 101 - (-2 - -5). Suppose -j - 134 = -8*u. What is the tens digit of u?
2
Let t(w) = 35*w**2 - 25*w - 12. What is the units digit of t(5)?
8
Suppose 3*g + 7 = 13. Suppose 4*d - 9 = 2*a + 25, g*a - 38 = -4*d. What is the units digit of d?
9
Let j = 3545 - -42. What is the hundreds digit of j?
5
Let p(n) = -3*n**3 - 6*n**2 + 24*n + 5. What is the units digit of p(-7)?
2
Suppose -6*t + 9*t = -3. What is the hundreds digit of (1/t)/(20/(-2540))?
1
Let t(w) = 3*w + 1. Let r be t(-2). What is the units digit of r*(-5)/(75/147)?
9
Let l(j) = 668*j**2 + 9*j + 17. What is the hundreds digit of l(-2)?
6
Let r(w) = 14 + 6 + w + 0*w + 0*w. Let m be r(-19). What is the tens digit of (100/(-15))/(m/(-6))?
4
Suppose -2 = r - 5. Suppose 0 = 5*o - 4*j + 24 - 535, -2*o + 210 = -r*j. Suppose 4*n - o = 49. What is the units digit of n?
7
Let a(v) = -19*v + 180. What is the tens digit of a(-29)?
3
Suppose 0 = g + 2*g - 6. Suppose g*w - 24 = 6*w. Let z = 9 + w. What is the units digit of z?
3
Let l = -1140 - -1629. What is the hundreds digit of l?
4
Let z(d) = -d**3 - 2*d**2. Let m be -1*(0/3 + 2). Let a be z(m). Suppose a = 2*c - 3*x - 42, -7 = -c + 3*x + 2*x. What is the units digit of c?
7
Suppose 634 + 198 = 4*f. Suppose -2*w = -6*w + f. What is the units digit of w?
2
What is the units digit of (-2 + -5 - -6)/((-3)/5919)?
3
Suppose 2*j = 3*r + 1333, -3*r - 1293 = -2*j - 8*r. What is the units digit of j?
9
Let y(w) = -22*w + 584. What is the hundreds digit of y(22)?
1
Let m(z) = -530*z + 132. What is the units digit of m(-5)?
2
Let p = 1438 - 982. What is the hundreds digit of p?
4
Let n(l) = 5 - 2*l**2 - 6 + 2*l + 0 + 3*l**2. Let i be n(-5). Suppose -3*s = -16 - i. What is the units digit of s?
0
Let m be 7 - (2 - 1/1). Let y(o) = o**2 + 6*o. What is the units digit of y(m)?
2
Suppose 15 = 17*r - 20*r, 2*v = -r + 3315. What is the thousands digit of v?
1
Suppose 209*f + 34544 = 225*f. What is the tens digit of f?
5
Let o = -377 + 924. What is the tens digit of o?
4
Let f(h) = 9*h + 21. What is the tens digit of f(19)?
9
Suppose 0 = 2*t - 4*h - 462, -4*t + 3*h + 912 = h. What is the hundreds digit of t?
2
What is the units digit of 0 + 82 - (-4)/(-4)?
1
Let f(u) = -3*u - 5. Let x be f(-6). Let p = x + -21. What is the tens digit of (-109)/(-2) + 4/p?
5
Suppose 5*i - x = 16, -5*x + 3 = -5*i + 23. Suppose -i*q - 2*j + 90 = 0, j + 0*j = -q + 30. What is the units digit of q?
0
Let w(v) = v. Let j(c) = -2*c + 3. Let k(s) = j(s) + w(s). Let n be k(7). What is the units digit of (-126)/n*4/6?
1
What is the units digit of (-119*2)/(5 + 11/(-2))?
6
Suppose 0 = 6*q + 4*y - 358, -2*q + 7*y = 5*y - 106. What is the units digit of q?
7
Suppose 52 = 5*q + 2. Suppose 0 = -3*p - q + 16. Suppose 0 = -2*w - 0 + p. What is the units digit of w?
1
Let r(g) = -26*g. Let o be r(-2). Suppose n - 5*i - 8 - o = 0, 2*n = i + 75. Suppose -2*k + n = -k. What is the units digit of k?
5
Let q be -3 - (-1 - -2 - 0)*-4. What is the units digit of 0 + ((-1140)/(-5) - q)?
7
Let s be (-2 + (-55)/(-20))*-24. What is the units digit of (-4554)/s - (-2)/2?
4
Suppose 0 = 2*r + 30 + 26. Let f = 20 - r. What is the units digit of f?
8
Suppose -33*y - 9179 + 35513 = 0. What is the units digit of y?
8
Let f = 86 + 1766. What is the thousands digit of f?
1
Let b = -3337 - -6482. What is the units digit of b?
5
Suppose -6*z + 8*z + 44 = 0. Let a be z/(0 + (-4)/8). What is the tens digit of 11/a - 43/(-4)?
1
Suppose 0 = 2*p + 6, -p + 6*p + 355 = 4*i. Let k = 153 - i. What is the tens digit of k?
6
Suppose p + 638 = 3*p - 2*j, -4*p - 2*j = -1282. Suppose -5*s = 5*q - 0*s - p, 0 = -2*q + 5*s + 142. What is the units digit of q?
6
Let p(h) = 681*h. What is the units digit of p(1)?
1
What is the units digit of -4 + (3/(-2))/((-69)/35144)?
0
Suppose 3*a - 4*b + 7*b = 63, a - 1 = -5*b. Suppose 5*k + 21 - a = 0. What is the units digit of k?
1
Suppose 43*x - 406 = 41*x. What is the units digit of x?
3
Let c be 97 + (-10)/2 + 1. Let f = 4 + c. What is the units digit of f?
7
Let g = -319 + 483. What is the units digit of g?
4
Let o(y) = y**2 + y - 21. Let b(m) = 7*m**2 + 5*m + 4. Let j be b(-1). What is the units digit of o(j)?
1
Suppose -2831 = -25*u + 10719. What is the hundreds digit of u?
5
Suppose -2016 = -4*a - 400. What is the tens digit of a?
0
What is the tens digit of ((-1904)/168)/(2/(-3))?
1
Let q(o) = 4*o - 28. Let v(r) = 7*r**2 - r. Let i be v(-1). What is the units digit of q(i)?
4
Let n be 5/(140/(-12)) + 429/21. Let q = 204 - n. What is the units digit of q?
4
Suppose -9*f + 2172 = 480. What is the hundreds digit of f?
1
Suppose 0 = -3*o + 161 + 49. Suppose o = -5*v + 290. What is the units digit of v?
4
Suppose 6*x - 122 = 2392. What is the hundreds digit of x?
4
Let w be 1 + 4 + -2*12. Let b = 100 + w. What is the units digit of b?
1
Suppose 34*t + 3783 = 47*t. What is the units digit of t?
1
Suppose -11*g + 10993 = -4517. What is the hundreds digit of g?
4
What is the units digit of (56815/(-275))/(1/(-5))?
3
What is the hundreds digit of -1*(14175/90)/(2/(-8))?
6
Suppose -4*u + 7*u + 63 = 0. What is the tens digit of (-226)/(-4) - u/(-14)?
5
Suppose -5*j - 4*k = -6*k + 39, -4*k - 3 = -j. What is the units digit of (-903)/(-8) - j/72?
3
Suppose 15 = o - 4*y, 0*o = 2*o + 2*y. Suppose -455 = -4*u - o*u. What is the tens digit of u?
6
Let q be -5*-4*3/30. Suppose 308 = q*h + 2*h. What is the units digit of h?
7
What is the tens digit of (-3*1 - (-12 + 13)) + 115?
1
Sup